be 2/(-3)*x/3. Suppose j = 5*m - 18. What are the prime factors of m?
2
Let g(b) = -b**3 + 46*b - 46*b - 5. List the prime factors of g(-3).
2, 11
Let o = 663 + -392. What are the prime factors of o?
271
Suppose 0*z - 2*z + 36 = 0. List the prime factors of z.
2, 3
Let z be -2 + (-4)/(-2) + -3. What are the prime factors of (-2)/((-75)/24 - z)?
2
Let n(p) = p**3 - 7*p**2 + 2*p - 6. Suppose 5*i = 5*l - 45, -4*l + 2*i + 11 = -3*l. Let k(b) = -b**2 + 8*b. Let d be k(l). List the prime factors of n(d).
2
List the prime factors of (46 + (-5 - -2))/((-2)/(-12)).
2, 3, 43
Suppose -7*j + 10*j - 9 = 0. Suppose 5*b = 3*l - 97 - 43, -j*b - 52 = -l. List the prime factors of l.
2, 5
Suppose 4*a = k + 3*a + 21, 3*a = 5*k + 115. List the prime factors of 8/20 + k/(-10).
3
Let q = -7 - -10. Suppose -r - 2*r + 12 = -3*z, q*z = 0. Suppose -12 = -0*f - r*f. What are the prime factors of f?
3
Let z = 76 + -40. What are the prime factors of z?
2, 3
Suppose 3*p - 5*i + 1 = 0, -p - i = -0*p - 5. List the prime factors of ((-36)/8)/(p/(-4)).
2, 3
Let o(h) = -h**2 + 28*h - 17. List the prime factors of o(24).
79
Let v(u) = -u**3 - 9*u**2 - 5*u + 5. Let j be v(-9). Let z = j + -14. What are the prime factors of z?
2, 3
Suppose -4 = o - 19. What are the prime factors of o?
3, 5
Suppose -4 = q - 3*q. Suppose -c = 4*d - q*c - 75, 5*c = 3*d - 52. What are the prime factors of d?
19
Let q = -1 + -4. Let z(l) = -l**3 - 4*l**2 + 6*l + 7. Let s be z(q). What are the prime factors of ((-2)/6)/(s/(-42))?
7
Suppose 4*k + 2 = 5*k. Suppose -i + 4 = -k. List the prime factors of i.
2, 3
Let w(h) = h - 1. Let x be w(8). Let l = -1 - -6. Suppose -l*f + 32 = x. List the prime factors of f.
5
Let r = 2 + 78. List the prime factors of r.
2, 5
Suppose -3*x - 2 = -k + 2*x, 4*k = -x + 8. Suppose -2 = 2*m, j + k*m - 6 = -j. What are the prime factors of j?
2
Let u be ((-54)/15)/(-3)*-15. Let l = 29 + u. List the prime factors of l.
11
Suppose 2*f - 3*f - 2 = 0. Let l = 0 + f. List the prime factors of (66/(-3))/(-4 - l).
11
Suppose 0 = 4*w - 12 + 4, -3*i - w = -11. Suppose 0 = i*p - 19 - 5. List the prime factors of p.
2
Suppose -3*z - 21 = 27. Let l = 26 + z. List the prime factors of l.
2, 5
Suppose n = 2*l - 12, n = 3*l + 5*n - 29. Let d(g) = -2*g - 10. Let s(w) = -4*w - 21. Let v(q) = l*d(q) - 3*s(q). List the prime factors of v(-5).
3
Let y(f) = -6*f + 5. Let o be y(4). Let a = -1 - o. What are the prime factors of a?
2, 3
Let g(x) = x**2 + 4*x - 4. Let s be g(-5). List the prime factors of s/(1/11) + 1.
2, 3
Let k(v) = v**2 + 6*v - 5. Let z be k(-5). List the prime factors of z*(-4)/16*6.
3, 5
Let f(k) = 6*k + 3. Let i = -8 - -11. List the prime factors of f(i).
3, 7
Suppose c = 2 + 2. Suppose 0 = 4*z + y - 25, 4*z - y - 15 = -0*z. Suppose -z = -m + c. What are the prime factors of m?
3
Let p(r) = -r**2 - 2*r + 9. Let u be p(-4). What are the prime factors of 59 - 2 - 0 - u?
2, 7
Let u = 0 + -7. List the prime factors of 6*(u/2 - -4).
3
Let j(x) = -223*x**3 - x**2 - 2*x - 2. What are the prime factors of j(-1)?
2, 3, 37
Suppose 5*s = 5*f - 145, -f = 2*f + 4*s - 108. List the prime factors of f.
2
Let l be -1 - (-1 - (-1 + 2)). Let m be (0 + 1)/(l/2). Suppose 3*t - 5*o = 16, -20 = -3*t - m*o + 3. What are the prime factors of t?
7
Suppose 2*a = 4*a - 2. Suppose 5*b + 0*u = 5*u + 120, 23 = 2*b + 3*u. Let x = b + a. What are the prime factors of x?
2, 5
Suppose 4*w = 0, 0 = c - 3*w - 2*w - 2. Let h(a) = -2*a - 7. Let x(g) = -g - 6. Let j(v) = -6*h(v) + 7*x(v). What are the prime factors of j(c)?
2, 5
Let u(n) = -n**3 + n**2 + 2. Let z be u(0). Suppose z = h - 3. Let d = -3 + h. List the prime factors of d.
2
Let u(z) = -4*z + 14. Let r(p) = 5*p - 15. Let i(o) = 3*r(o) + 4*u(o). List the prime factors of i(0).
11
Let s = -136 + 199. List the prime factors of s.
3, 7
Let n be 6/(-10) - (-132)/(-30). Let y = 3 - n. What are the prime factors of y?
2
Suppose 0 = -h + 5*h - 20. Suppose 0 = f - h*f + 112. What are the prime factors of f?
2, 7
Suppose c - 3 + 1 = 0. Suppose 2*u - 76 = -c*u. What are the prime factors of u?
19
Suppose -3*b + 7*b = 320. Suppose -b = x - 5*x. List the prime factors of x.
2, 5
Suppose -4*t + 4*g + 80 = 0, -3*t = -2*t - 5*g - 16. Let n = t + -10. What are the prime factors of n?
11
Suppose -2*k = -3*w + 72, -4 = -4*k - 16. What are the prime factors of w?
2, 11
Let w = -17 + 21. List the prime factors of w.
2
Let c(p) = -4*p - 7. Let r(k) = -1. Let y(v) = -c(v) + 6*r(v). What are the prime factors of y(5)?
3, 7
Suppose -2*b + 6 = 2. Suppose x - 16 = -u + 5*u, -b*x = u - 41. What are the prime factors of x?
2, 5
Suppose 4*z = 2*z + 542. List the prime factors of z.
271
Let f(c) = -c + 10. Suppose 4*a - 8 = 0, -2*a + 8 = 3*m - 17. What are the prime factors of f(m)?
3
Suppose -3*d + 5*d = o - 5, 0 = -d - 5*o + 25. Let r = 2 - d. Suppose r*v = 3*h + 14, -v + 0 + 7 = 3*h. What are the prime factors of v?
7
Suppose -3*t = -n + 1300 + 916, 4*t - 5*n + 2962 = 0. What are the prime factors of t/(-45) - 4/10?
2
Suppose -l - 3*l = -3*o + 26, 0 = -5*o - 3*l - 5. Suppose 2*s = -2*s, d = -o*s. Suppose d = 5*p + 10 - 70. What are the prime factors of p?
2, 3
Let s = 11 + 30. What are the prime factors of s?
41
Suppose s - 2*a = -3, -3*s + 4*a = s. Let d = -1 + s. Suppose d*b = -p + 4*b + 10, 0 = -4*p + 5*b + 43. List the prime factors of p.
2, 3
Let i(x) be the second derivative of 4*x**3/3 - x**2/2 - 2*x. Let b(l) = l**3 - 8*l**2 + 8*l - 6. Let h be b(7). What are the prime factors of i(h)?
7
Suppose -12*q + 659 = -1897. List the prime factors of q.
3, 71
Let f(n) = 8*n + n - 8*n. Suppose -4*q = -0 - 24. What are the prime factors of f(q)?
2, 3
Let w be -2 - 2/4*-4. Suppose 0 = f - w*f - 24. What are the prime factors of f?
2, 3
Let j(q) = -q**2 - 6*q - 1. Let o be j(-5). Suppose 66 = o*m + 3*n, n + 0*n - 17 = -m. What are the prime factors of m?
3, 5
Let j(x) = -x**3 - 6*x**2 - 5*x + 13. Let a(f) = f**3 + 7*f**2 + 6*f - 12. Let k(r) = -3*a(r) - 2*j(r). List the prime factors of k(-8).
2, 5
Let q(g) be the second derivative of -g**3/2 - 3*g. Let d be q(-1). Suppose 7*p - d*p - 44 = 0. List the prime factors of p.
11
Let h(k) = -k**3 + 5*k**2 - k + 5. Let g be h(5). Let x = g - -3. Suppose 36 = x*m + 5*a, 4*m + a - 59 + 11 = 0. What are the prime factors of m?
2, 3
Let m be -1 - (-1 + -1) - 0. What are the prime factors of -1*m - (-24)/3?
7
Let p(c) = 3*c**2 + 9*c + 8. Let b be p(-6). Let t = b + -35. What are the prime factors of t?
3
Let x(c) = c**3 + 9*c**2 - 11*c + 5. Suppose 3*f - 35 = 4*k - 4, -11 = 2*k - 3*f. List the prime factors of x(k).
3, 5
Let t(m) = 2*m - 17. Let h = -17 - -31. List the prime factors of t(h).
11
Suppose 17 = 3*q - 7. What are the prime factors of q?
2
Let m(b) = 5*b - 23. What are the prime factors of m(15)?
2, 13
Let d(m) = m**2 - m + 1. Let h be d(3). Suppose 0 = -3*f + u - 1 + h, -4*f + 2*u = -8. What are the prime factors of f?
2
What are the prime factors of (-382)/(-8) - (-18)/(-24)?
47
Let f = 300 - 142. List the prime factors of f.
2, 79
Suppose x - 5*x = 0. Let h be 1 - (9 + 1 + x). Let n = h - -19. What are the prime factors of n?
2, 5
Let d(r) = -r + 8. Let o be d(5). Suppose o*p = 6*p - 30. What are the prime factors of p?
2, 5
Let g(z) = 51*z**2 - 2*z - 2. List the prime factors of g(-1).
3, 17
Let s = 182 + -110. List the prime factors of s.
2, 3
Suppose 3*m - 5*u - 37 = 0, 2*m - 5*u = -3*m + 45. Suppose -m*p - 24 = -4*b, -3*b - 5*p + 9 = -33. List the prime factors of b.
3
Let x(b) = -2*b**3 - 4*b**2 - 5*b - 5. Let r be x(-2). Suppose -6*y + 39 = -r*y. What are the prime factors of y?
3, 13
Let x(d) = 2*d**3 - d. Let b be x(-1). Let f be -24*1 - 1/b. Let w = -7 - f. What are the prime factors of w?
2
Let r = 191 + -112. List the prime factors of r.
79
Let v = 114 + 3. What are the prime factors of v?
3, 13
Suppose 4*h = -h + 15. Suppose h*n + 1 = 3*o - 2, 0 = 2*n + 2. Let p(w) = -w**2 - w + 14. What are the prime factors of p(o)?
2, 7
Suppose 4*y - 73 = -5*m, -2*m - m + 37 = -y. List the prime factors of m.
13
Let f(u) = -u**3 - 4*u**2 - 5*u + 3. Let h be f(-5). Let l = 76 - h. Suppose -3*s - 4*z = -0 - l, -5*z - 20 = 0. What are the prime factors of s?
13
List the prime factors of -31 + 26 - -314*1.
3, 103
Let p(a) = 6*a + 2. Su